isor of 2581891 and 65?
13
Calculate the greatest common factor of 1390 and 5282.
278
Calculate the greatest common divisor of 16401 and 105.
21
Calculate the greatest common factor of 7604 and 2268.
4
Calculate the greatest common factor of 29405 and 10.
5
What is the greatest common factor of 7510400 and 1280?
640
What is the highest common factor of 9604 and 92?
4
What is the highest common factor of 38 and 120859?
19
Calculate the greatest common divisor of 84273 and 168.
21
Calculate the greatest common divisor of 990 and 738000.
90
What is the greatest common divisor of 207345 and 40?
5
Calculate the highest common divisor of 724 and 80726.
362
What is the greatest common divisor of 3426992 and 38?
38
What is the greatest common divisor of 16167 and 9?
3
Calculate the greatest common factor of 914 and 10511.
457
What is the greatest common divisor of 100786 and 92?
46
What is the highest common factor of 7491 and 2200?
11
What is the greatest common factor of 2600 and 38324?
52
What is the highest common factor of 220 and 14260?
20
Calculate the greatest common divisor of 13 and 628043.
13
Calculate the highest common factor of 22916 and 2380.
68
Calculate the greatest common divisor of 319 and 194445.
29
What is the greatest common factor of 1153258 and 382?
382
What is the highest common factor of 759 and 1081146?
33
Calculate the greatest common divisor of 4599 and 567.
63
Calculate the highest common divisor of 25853 and 502.
251
What is the greatest common factor of 498 and 273817?
83
What is the greatest common divisor of 13560 and 11088?
24
Calculate the greatest common factor of 26 and 1157611.
13
What is the highest common divisor of 10547 and 34397?
53
Calculate the greatest common divisor of 144 and 88362.
18
Calculate the greatest common divisor of 35512 and 5750.
46
Calculate the highest common divisor of 404637 and 174.
87
What is the highest common factor of 30257 and 766?
383
What is the highest common factor of 400335 and 13?
13
What is the greatest common divisor of 5268 and 36437?
439
What is the greatest common factor of 2326818 and 552?
138
What is the highest common factor of 888 and 1104?
24
What is the greatest common divisor of 630 and 26370?
90
What is the highest common factor of 37796 and 3542?
22
Calculate the greatest common divisor of 224 and 5068.
28
What is the highest common divisor of 447287 and 317?
317
What is the highest common divisor of 64077 and 241150?
689
What is the highest common factor of 100 and 121925?
25
What is the highest common divisor of 697 and 7626?
41
Calculate the greatest common divisor of 52215 and 2535.
15
Calculate the highest common factor of 317898 and 756.
378
Calculate the greatest common factor of 455708 and 1100.
44
Calculate the highest common divisor of 508631 and 261.
29
What is the greatest common divisor of 3360 and 1245?
15
What is the highest common divisor of 31080 and 105450?
1110
Calculate the highest common divisor of 11424962 and 604.
302
What is the greatest common divisor of 7260 and 25?
5
Calculate the highest common factor of 120 and 284970.
30
What is the greatest common factor of 395822 and 490?
98
Calculate the greatest common factor of 1252 and 236.
4
What is the highest common factor of 2367 and 387?
9
Calculate the highest common factor of 241884 and 36.
36
Calculate the highest common factor of 780 and 125520.
60
Calculate the highest common factor of 164652 and 12.
12
What is the greatest common factor of 122588 and 608?
76
Calculate the highest common factor of 1479 and 19720.
493
What is the highest common divisor of 335208 and 768?
24
Calculate the greatest common factor of 15648 and 752.
16
What is the greatest common factor of 6622 and 676648?
602
Calculate the greatest common divisor of 36195 and 66405.
285
What is the greatest common factor of 762 and 145034?
254
Calculate the highest common factor of 4134 and 156.
78
Calculate the highest common factor of 1752 and 16206.
438
What is the greatest common divisor of 498448 and 16?
16
Calculate the greatest common divisor of 15613 and 169.
13
What is the greatest common divisor of 3 and 108082?
1
Calculate the highest common factor of 442424 and 696.
232
Calculate the greatest common divisor of 60 and 948672.
12
What is the highest common divisor of 1335496 and 1940?
388
Calculate the highest common factor of 96 and 36768.
96
What is the highest common divisor of 211854 and 10050?
402
Calculate the highest common factor of 2926 and 2641.
19
What is the greatest common divisor of 1398951 and 6?
3
Calculate the greatest common divisor of 165 and 33585.
15
Calculate the greatest common factor of 5334 and 392.
14
Calculate the highest common divisor of 123 and 1612776.
123
Calculate the greatest common factor of 95 and 362387.
19
Calculate the greatest common factor of 1699630 and 9074.
698
Calculate the greatest common divisor of 574640 and 140.
20
What is the highest common divisor of 8464 and 1403?
23
What is the highest common factor of 456 and 2616?
24
Calculate the highest common divisor of 1320 and 12408.
264
Calculate the highest common factor of 7047 and 2813.
29
What is the highest common divisor of 184857 and 1419?
129
Calculate the highest common divisor of 262395 and 3825.
765
What is the highest common divisor of 64 and 1544?
8
Calculate the highest common divisor of 460 and 26330.
10
What is the greatest common factor of 1088 and 39848?
136
What is the highest common factor of 42 and 88977?
21
What is the greatest common divisor of 2646 and 6426?
378
Calculate the highest common divisor of 195714 and 2096.
262
Calculate the greatest common factor of 1570 and 2041.
157
Calculate the highest common divisor of 2640 and 7950.
30
What is the greatest common divisor of 1976 and 12103?
247
What is the greatest common factor of 64387 and 31?
31
What is the greatest common factor of 99 and 317757?
33
Calculate the greatest common factor of 24127 and 851.
23
What is the highest common factor of 8398 and 16?
2
What is the highest common factor of 480 and 332700?
60
Calculate the greatest common factor of 15 and 332.
1
Calculate the highest common divisor of 63309 and 423.
141
Calculate the highest common divisor of 22436 and 2844.
316
What is the greatest common factor of 110 and 771694?
22
Calculate the greatest common factor of 3451 and 464.
29
Calculate the greatest common divisor of 225 and 138275.
25
What is the highest common factor of 8745 and 737?
11
What is the highest common divisor of 55 and 467247?
11
What is the highest common divisor of 3213 and 18627?
21
Calculate the greatest common factor of 977093 and 13.
13
Calculate the greatest common divisor of 161680 and 2150.
430
Calculate the highest common divisor of 268 and 6128.
4
What is the greatest common divisor of 16165 and 115?
5
What is the greatest common factor of 5289 and 12384?
129
Calculate the highest common divisor of 3684 and 54646.
614
What is the greatest common divisor of 1922 and 3968?
62
What is the highest common divisor of 15 and 8950?
5
What is the greatest common divisor of 6775 and 2833305?
1355
Calculate the greatest common factor of 12921 and 1534.
59
What is the greatest common divisor of 18 and 1647?
9
What is the greatest common divisor of 216540 and 14580?
540
Calculate the highest common divisor of 2988 and 17762.
166
What is the highest common divisor of 1518 and 2706?
66
What is the greatest common factor of 105 and 76515?
15
What is the greatest common divisor of 3664304 and 56?
56
What is the highest common factor of 73601 and 11?
11
Calculate the highest common divisor of 33073 and 47.
1
Calculate the highest common factor of 84 and 23282.
14
What is the greatest common divisor of 195670 and 1190?
170
What is the highest common factor of 12768 and 65856?
672
Calculate the highest common factor of 21190 and 12610.
130
What is the highest common factor of 1049474 and 217?
31
What is the highest common divisor of 13803 and 62595?
321
What is the greatest common divisor of 29484 and 2548?
364
Calculate the highest common divisor of 5263 and 247.
19
What is the highest common factor of 471552 and 896?
128
What is the highest common divisor of 419934 and 96?
6
Calculate the greatest common divisor 